{"id":5409,"date":"2020-11-18T10:18:20","date_gmt":"2020-11-18T13:18:20","guid":{"rendered":"http:\/\/torredebabel.com.br\/site\/?page_id=5409"},"modified":"2020-12-16T11:22:42","modified_gmt":"2020-12-16T14:22:42","slug":"central-midia-ensino-lingua-portuguesa-cmelp-bkp","status":"publish","type":"page","link":"https:\/\/torredebabel.com.br\/site\/central-midia-ensino-lingua-portuguesa-cmelp-bkp\/","title":{"rendered":"cmelp &#8211; Apresenta\u00e7\u00e3o bkp"},"content":{"rendered":"<p>[vc_row][vc_column][vc_single_image image=&#8221;5407&#8243; img_size=&#8221;full&#8221; alignment=&#8221;center&#8221;][\/vc_column][\/vc_row][vc_row][vc_column width=&#8221;1\/2&#8243;][vc_column_text]A Central de M\u00eddia para o Ensino da L\u00edngua Portuguesa \u2013 CMELP \u2013 \u00e9 uma plataforma para o ensino de portugu\u00eas com conte\u00fado digital interativo, \u00e1udios, v\u00eddeos e com explica\u00e7\u00f5es gramaticais e atividades que praticam as quatro habilidades utilizadas na constru\u00e7\u00e3o da comunica\u00e7\u00e3o em uma l\u00edngua: a Compreens\u00e3o Oral e de Leitura, a Conversa\u00e7\u00e3o e a Escrita. O Conte\u00fado Program\u00e1tico da CMELP acompanha as exig\u00eancias do Quadro Comum Europeu de Refer\u00eancia para as L\u00ednguas, com suas divis\u00f5es dos n\u00edveis A1 a C1. Na CMELP, cada n\u00edvel \u00e9 tamb\u00e9m dividido em duas partes, por exemplo: A1.1 e A1.2.<br \/>\n<a id=\"requisitos\"><\/a><br \/>\n<strong>AUTORAS<\/strong>: Maria Harumi de Ponce, Maria Lucia Versa, Silvia Andrade Burim e Susanna Florissi<\/p>\n<p><strong>REQUISITOS B\u00c1SICOS:<\/strong><br \/>\nEste produto requer dos usu\u00e1rios:<br \/>\nUm navegador web atualizado (Internet Explorer 8 ou superior, Microsoft Edge, Google Chrome, Firefox ou Safari).<br \/>\nLinguagem de programa\u00e7\u00e3o Javascript ativada no navegador.<br \/>\nCookies ativados no navegador.<\/p>\n<p>A n\u00e3o execu\u00e7\u00e3o simult\u00e2nea de outros softwares, rotinas, processos e\/ou atividades. Esta pr\u00e1tica pode impedir ou impactar o bom resultado deste produto.<\/p>\n<p><strong>N\u00cdVEIS<\/strong>:<\/p>\n<p>A1 \u2013 DISPON\u00cdVEL<\/p>\n<p>A2 \u2013 fev\/21<\/p>\n<p>B1 \u2013 maio\/21<\/p>\n<p>B2 \u2013 julho\/21<\/p>\n<p>C1 \u2013 set\/21[\/vc_column_text][\/vc_column][vc_column width=&#8221;1\/2&#8243;][vc_single_image image=&#8221;5443&#8243; img_size=&#8221;large&#8221; alignment=&#8221;center&#8221;][\/vc_column][\/vc_row][vc_row][vc_column][vc_separator color=&#8221;orange&#8221;][\/vc_column][\/vc_row][vc_row][vc_column width=&#8221;1\/2&#8243;][vc_images_carousel images=&#8221;5414,5415,5416,5417&#8243; img_size=&#8221;full&#8221; autoplay=&#8221;yes&#8221; wrap=&#8221;yes&#8221;][\/vc_column][vc_column width=&#8221;1\/2&#8243;][vc_raw_html]JTNDY2VudGVyJTNFJTNDaWZyYW1lJTIwd2lkdGglM0QlMjI1NjAlMjIlMjBoZWlnaHQlM0QlMjIzMTUlMjIlMjBzcmMlM0QlMjJodHRwcyUzQSUyRiUyRnd3dy55b3V0dWJlLmNvbSUyRmVtYmVkJTJGYnF0QnhVSUwyOFUlMjIlMjBmcmFtZWJvcmRlciUzRCUyMjAlMjIlMjBhbGxvdyUzRCUyMmFjY2VsZXJvbWV0ZXIlM0IlMjBhdXRvcGxheSUzQiUyMGNsaXBib2FyZC13cml0ZSUzQiUyMGVuY3J5cHRlZC1tZWRpYSUzQiUyMGd5cm9zY29wZSUzQiUyMHBpY3R1cmUtaW4tcGljdHVyZSUyMiUyMGFsbG93ZnVsbHNjcmVlbiUzRSUzQyUyRmlmcmFtZSUzRSUzQyUyRmNlbnRlciUzRQ==[\/vc_raw_html][\/vc_column][\/vc_row][vc_row][vc_column el_class=&#8221;box-produtos&#8221; css=&#8221;.vc_custom_1606271661437{border-radius: 1px !important;}&#8221;][vc_column_text el_class=&#8221;label-produtos&#8221;]<\/p>\n<p style=\"text-align: center;\"><strong>B\u00c1SICO\u00a0 \u00a0&#8211;\u00a0 \u00a0A1<\/strong><br \/>\nA1.1\u00a0 \u00a0&#8211;\u00a0 \u00a0A1.2<\/p>\n<p>[\/vc_column_text][\/vc_column][\/vc_row][vc_row][vc_column width=&#8221;1\/3&#8243;][\/vc_column][vc_column width=&#8221;1\/3&#8243;][vc_single_image image=&#8221;5449&#8243; img_size=&#8221;medium&#8221;][\/vc_column][vc_column width=&#8221;1\/3&#8243;][\/vc_column][\/vc_row][vc_row][vc_column width=&#8221;1\/4&#8243;][\/vc_column][vc_column width=&#8221;1\/2&#8243;][vc_column_text]<\/p>\n<h3 style=\"text-align: center;\"><span style=\"color: #ff9900;\"><strong>M\u00d3DULOS 1 e 2<\/strong><\/span><\/h3>\n<p>[\/vc_column_text][\/vc_column][vc_column width=&#8221;1\/4&#8243;][\/vc_column][\/vc_row][vc_row][vc_column width=&#8221;1\/4&#8243;][\/vc_column][vc_column width=&#8221;1\/4&#8243; el_class=&#8221;box-modulo-1&#8243;][vc_column_text]<\/p>\n<ul>\n<li>M\u00d3DULO 1<br \/>\nLi\u00e7\u00e3o 1 &#8211; Ol\u00e1, como vai?<br \/>\nLi\u00e7\u00e3o 2 &#8211; Bem-vindo ao escrit\u00f3rio!<br \/>\nLi\u00e7\u00e3o 3 &#8211; Dona Beatriz? Prazer, sou J\u00falia.<br \/>\nLi\u00e7\u00e3o 4 &#8211; Olha a hora!<br \/>\nLi\u00e7\u00e3o 5 &#8211; Os Arredores<br \/>\nJogo &#8211; Desvendando o Brasil 1<\/li>\n<\/ul>\n<p>[\/vc_column_text][\/vc_column][vc_column width=&#8221;1\/4&#8243; el_class=&#8221;box-modulo-2&#8243;][vc_column_text]<\/p>\n<ul>\n<li>M\u00d3DULO 2<br \/>\nLi\u00e7\u00e3o 1 &#8211; Dia de compras<br \/>\nLi\u00e7\u00e3o 2 &#8211; Um bate e volta<br \/>\nLi\u00e7\u00e3o 3 &#8211; Dia de jantar fora<br \/>\nLi\u00e7\u00e3o 4 &#8211; Mais ou menos?<br \/>\nLi\u00e7\u00e3o 5 &#8211; Brasil: um pa\u00eds multicultural<br \/>\nJogo &#8211; Desvendando o Brasil 2<\/li>\n<\/ul>\n<p>[\/vc_column_text][\/vc_column][vc_column width=&#8221;1\/4&#8243;][\/vc_column][\/vc_row][vc_row][vc_column width=&#8221;1\/4&#8243;][\/vc_column][vc_column width=&#8221;1\/2&#8243; el_class=&#8221;btn-saibamais&#8221;][vc_separator color=&#8221;orange&#8221;][vc_raw_html]JTNDcCUzRSUwQVBhcmElMjBjb250aW51YXIlMkMlMjAlQzMlQTklMjBuZWNlc3MlQzMlQTFyaW8lMjBhY2VpdGFyJTIwb3MlMjAlM0NhJTIwaHJlZiUzRCUyMiUyM3JlcXVpc2l0b3MlMjIlM0UlNUJyZXF1aXNpdG9zJTIwYiVDMyVBMXNpY29zJTVEJTNDJTJGYSUzRS4lMEElM0NiciUyMCUyRiUzRSUwQSUzQ2lucHV0JTIwaWQlM0QlMjJteUNoZWNrYm94UmVxdWlzaXRvcyUyMiUyMHR5cGUlM0QlMjJjaGVja2JveCUyMiUyMCUyRiUzRSUwQSUyMEFjZWl0byUyMG9zJTIwcmVxdWlzaXRvcyUyMGIlQzMlQTFzaWNvcy4lMEElM0MlMkZwJTNF[\/vc_raw_html][vc_btn title=&#8221;Saiba mais&#8221; color=&#8221;warning&#8221; link=&#8221;url:http%3A%2F%2Ftorredebabel.com.br%2Fsite%2Fproduto%2Fcmelp-central-de-midia-para-o-ensino-da-lingua-portuguesa%2F|||&#8221; el_class=&#8221;btn-saibamais&#8221; el_id=&#8221;btn-saibamais&#8221;][\/vc_column][vc_column width=&#8221;1\/4&#8243;][\/vc_column][\/vc_row][vc_row][vc_column][vc_separator color=&#8221;orange&#8221;][\/vc_column][\/vc_row]<\/p>\n<!-- AddThis Advanced Settings generic via filter on the_content --><!-- AddThis Share Buttons generic via filter on the_content -->","protected":false},"excerpt":{"rendered":"<p>[vc_row][vc_column][vc_single_image image=&#8221;5407&#8243; img_size=&#8221;full&#8221; alignment=&#8221;center&#8221;][\/vc_column][\/vc_row][vc_row][vc_column width=&#8221;1\/2&#8243;][vc_column_text]A Central de M\u00eddia para o Ensino da L\u00edngua Portuguesa \u2013 CMELP \u2013 \u00e9 uma plataforma para o ensino de portugu\u00eas com conte\u00fado digital interativo, \u00e1udios, v\u00eddeos e com explica\u00e7\u00f5es gramaticais e atividades que praticam as quatro habilidades utilizadas na constru\u00e7\u00e3o da comunica\u00e7\u00e3o em uma l\u00edngua: a Compreens\u00e3o Oral e de [&hellip;]<!-- AddThis Advanced Settings generic via filter on get_the_excerpt --><!-- AddThis Share Buttons generic via filter on get_the_excerpt --><\/p>\n","protected":false},"author":1,"featured_media":0,"parent":0,"menu_order":0,"comment_status":"closed","ping_status":"closed","template":"","meta":[],"yoast_head":"<!-- This site is optimized with the Yoast SEO plugin v15.1.1 - https:\/\/yoast.com\/wordpress\/plugins\/seo\/ -->\n<title>cmelp - Apresenta\u00e7\u00e3o bkp - Torre de Babel<\/title>\n<meta name=\"robots\" content=\"index, follow, max-snippet:-1, max-image-preview:large, max-video-preview:-1\" \/>\n<link rel=\"canonical\" href=\"https:\/\/torredebabel.com.br\/site\/central-midia-ensino-lingua-portuguesa-cmelp-bkp\/\" \/>\n<meta property=\"og:locale\" content=\"pt_BR\" \/>\n<meta property=\"og:type\" content=\"article\" \/>\n<meta property=\"og:title\" content=\"cmelp - Apresenta\u00e7\u00e3o bkp - Torre de Babel\" \/>\n<meta property=\"og:description\" content=\"[vc_row][vc_column][vc_single_image image=&#8221;5407&#8243; img_size=&#8221;full&#8221; alignment=&#8221;center&#8221;][\/vc_column][\/vc_row][vc_row][vc_column width=&#8221;1\/2&#8243;][vc_column_text]A Central de M\u00eddia para o Ensino da L\u00edngua Portuguesa \u2013 CMELP \u2013 \u00e9 uma plataforma para o ensino de portugu\u00eas com conte\u00fado digital interativo, \u00e1udios, v\u00eddeos e com explica\u00e7\u00f5es gramaticais e atividades que praticam as quatro habilidades utilizadas na constru\u00e7\u00e3o da comunica\u00e7\u00e3o em uma l\u00edngua: a Compreens\u00e3o Oral e de [&hellip;]\" \/>\n<meta property=\"og:url\" content=\"https:\/\/torredebabel.com.br\/site\/central-midia-ensino-lingua-portuguesa-cmelp-bkp\/\" \/>\n<meta property=\"og:site_name\" content=\"Torre de Babel\" \/>\n<meta property=\"article:publisher\" content=\"https:\/\/www.facebook.com\/TorreDeBabelIdiomas\" \/>\n<meta property=\"article:modified_time\" content=\"2020-12-16T14:22:42+00:00\" \/>\n<meta name=\"twitter:card\" content=\"summary_large_image\" \/>\n<script type=\"application\/ld+json\" class=\"yoast-schema-graph\">{\"@context\":\"https:\/\/schema.org\",\"@graph\":[{\"@type\":\"WebSite\",\"@id\":\"https:\/\/torredebabel.com.br\/site\/#website\",\"url\":\"https:\/\/torredebabel.com.br\/site\/\",\"name\":\"Torre de Babel\",\"description\":\"Idiomas e Culturas\",\"potentialAction\":[{\"@type\":\"SearchAction\",\"target\":\"https:\/\/torredebabel.com.br\/site\/?s={search_term_string}\",\"query-input\":\"required name=search_term_string\"}],\"inLanguage\":\"pt-BR\"},{\"@type\":\"WebPage\",\"@id\":\"https:\/\/torredebabel.com.br\/site\/central-midia-ensino-lingua-portuguesa-cmelp-bkp\/#webpage\",\"url\":\"https:\/\/torredebabel.com.br\/site\/central-midia-ensino-lingua-portuguesa-cmelp-bkp\/\",\"name\":\"cmelp - Apresenta\\u00e7\\u00e3o bkp - Torre de Babel\",\"isPartOf\":{\"@id\":\"https:\/\/torredebabel.com.br\/site\/#website\"},\"datePublished\":\"2020-11-18T13:18:20+00:00\",\"dateModified\":\"2020-12-16T14:22:42+00:00\",\"inLanguage\":\"pt-BR\",\"potentialAction\":[{\"@type\":\"ReadAction\",\"target\":[\"https:\/\/torredebabel.com.br\/site\/central-midia-ensino-lingua-portuguesa-cmelp-bkp\/\"]}]}]}<\/script>\n<!-- \/ Yoast SEO plugin. -->","_links":{"self":[{"href":"https:\/\/torredebabel.com.br\/site\/wp-json\/wp\/v2\/pages\/5409"}],"collection":[{"href":"https:\/\/torredebabel.com.br\/site\/wp-json\/wp\/v2\/pages"}],"about":[{"href":"https:\/\/torredebabel.com.br\/site\/wp-json\/wp\/v2\/types\/page"}],"author":[{"embeddable":true,"href":"https:\/\/torredebabel.com.br\/site\/wp-json\/wp\/v2\/users\/1"}],"replies":[{"embeddable":true,"href":"https:\/\/torredebabel.com.br\/site\/wp-json\/wp\/v2\/comments?post=5409"}],"version-history":[{"count":101,"href":"https:\/\/torredebabel.com.br\/site\/wp-json\/wp\/v2\/pages\/5409\/revisions"}],"predecessor-version":[{"id":5606,"href":"https:\/\/torredebabel.com.br\/site\/wp-json\/wp\/v2\/pages\/5409\/revisions\/5606"}],"wp:attachment":[{"href":"https:\/\/torredebabel.com.br\/site\/wp-json\/wp\/v2\/media?parent=5409"}],"curies":[{"name":"wp","href":"https:\/\/api.w.org\/{rel}","templated":true}]}}