{"id":4328,"date":"2019-08-19T11:38:46","date_gmt":"2019-08-19T14:38:46","guid":{"rendered":"http:\/\/torredebabel.com.br\/site\/?page_id=4328"},"modified":"2019-08-27T14:16:22","modified_gmt":"2019-08-27T17:16:22","slug":"publicacoes","status":"publish","type":"page","link":"https:\/\/torredebabel.com.br\/site\/publicacoes\/","title":{"rendered":"Publica\u00e7\u00f5es"},"content":{"rendered":"<p>[vc_row equal_height=&#8221;yes&#8221;][vc_column][vc_row_inner equal_height=&#8221;yes&#8221;][vc_column_inner width=&#8221;1\/3&#8243;][vc_single_image image=&#8221;4561&#8243; img_size=&#8221;medium&#8221;][vc_column_text]<\/p>\n<p style=\"text-align: left;\"><strong class=\"titu\">Bem-Vindo! <\/strong><strong class=\"info-desc\">A L\u00edngua Portuguesa no Mundo da Comunica\u00e7\u00e3o.<\/strong><\/p>\n<p style=\"text-align: left;\"><em>Harumi de Ponce, Silvia Burim e Susanna Florissi<\/em><br \/>\n<strong class=\"info-desc\">Hub Editorial<\/strong><\/p>\n<p style=\"text-align: left;\"><strong>Bem-Vindo!<\/strong> Chega a sua d\u00e9cima edi\u00e7\u00e3o, com mais de 210.000 c\u00f3pias comercializadas no mundo todo, agora totalmente revistada e atualizada.<\/p>\n<p style=\"text-align: left;\"><a href=\"http:\/\/www.sbs.com.br\/\" target=\"_blank\" rel=\"noopener noreferrer\">www.sbs.com.br<\/a><\/p>\n<p>[\/vc_column_text][\/vc_column_inner][vc_column_inner width=&#8221;1\/3&#8243;][vc_single_image image=&#8221;3708&#8243; img_size=&#8221;medium&#8221;][vc_column_text]<\/p>\n<p style=\"text-align: left;\"><strong class=\"titu\">Bem-Vindo! Caderno de Exerc\u00edcios<\/strong><br \/>\n<strong class=\"info-desc\">para estudantes de origem anglo-sax\u00f4nica<\/strong><\/p>\n<p style=\"text-align: left;\"><em>Silvia Burim e Itana Medrado<\/em><br \/>\n<strong class=\"info-desc\">Hub Editorial<\/strong><\/p>\n<p style=\"text-align: left;\">Os Cadernos de Exerc\u00edcios que acompanham o Livro do Aluno, est\u00e3o divididos estrategicamente para atender \u00e0s dificuldades de p\u00fablicos de origens diferentes:<br \/>\norientais, anglo-sax\u00f4nicos e latinos.<\/p>\n<p style=\"text-align: left;\">Cont\u00eam exerc\u00edcios estruturais, de gram\u00e1tica, ortografia, acentua\u00e7\u00e3o e pontua\u00e7\u00e3o.<\/p>\n<p style=\"text-align: left;\">Intensificam a compreens\u00e3o de textos e a pr\u00e1tica escrita.<\/p>\n<p style=\"text-align: left;\"><strong class=\"titu\">\u00a0<\/strong><a href=\"http:\/\/www.sbs.com.br\/\" target=\"_blank\" rel=\"noopener noreferrer\">www.sbs.com.br<\/a><\/p>\n<p>[\/vc_column_text][\/vc_column_inner][vc_column_inner width=&#8221;1\/3&#8243;][vc_single_image image=&#8221;3711&#8243; img_size=&#8221;medium&#8221;][vc_column_text]<\/p>\n<p style=\"text-align: left;\"><strong class=\"titu\">Bem-Vindo! Caderno de Exerc\u00edcios<\/strong><br \/>\n<strong class=\"info-desc\">para estudantes de origem asi\u00e1tica<\/strong><\/p>\n<p style=\"text-align: left;\"><em>Harumi de Ponce e Mitie Matsubara<\/em><br \/>\n<strong class=\"info-desc\">Hub Editorial<\/strong><\/p>\n<p style=\"text-align: left;\">Os Cadernos de Exerc\u00edcios que acompanham o Livro do Aluno, est\u00e3o divididos estrategicamente para atender \u00e0s dificuldades de p\u00fablicos de origens diferentes:<br \/>\norientais, anglo-sax\u00f4nicos e latinos.<\/p>\n<p style=\"text-align: left;\">Cont\u00eam exerc\u00edcios estruturais, de gram\u00e1tica, ortografia, acentua\u00e7\u00e3o e pontua\u00e7\u00e3o.<\/p>\n<p style=\"text-align: left;\">Intensificam a compreens\u00e3o de textos e a pr\u00e1tica escrita.<\/p>\n<p style=\"text-align: left;\"><a href=\"http:\/\/www.sbs.com.br\/\" target=\"_blank\" rel=\"noopener noreferrer\">www.sbs.com.br<\/a><\/p>\n<p>[\/vc_column_text][\/vc_column_inner][\/vc_row_inner][vc_row_inner equal_height=&#8221;yes&#8221;][vc_column_inner width=&#8221;1\/3&#8243;][vc_single_image image=&#8221;3712&#8243; img_size=&#8221;medium&#8221;][vc_column_text]<strong class=\"titu\">Bem-Vindo! Caderno de Exerc\u00edcios<\/strong><br \/>\n<strong class=\"info-desc\">para estudantes de origem latina<\/strong><\/p>\n<p><em>Harumi de Ponce, Diva Calles e Susanna Florissi<\/em><br \/>\n<strong class=\"info-desc\">Hub Editorial<\/strong><\/p>\n<p>Os Cadernos de Exerc\u00edcios que acompanham o Livro do Aluno, est\u00e3o divididos estrategicamente para atender \u00e0s dificuldades de p\u00fablicos de origens diferentes:<br \/>\norientais, anglo-sax\u00f4nicos e latinos.<\/p>\n<p>Cont\u00eam exerc\u00edcios estruturais, de gram\u00e1tica, ortografia, acentua\u00e7\u00e3o e pontua\u00e7\u00e3o.<\/p>\n<p>Intensificam a compreens\u00e3o de textos e a pr\u00e1tica escrita.<\/p>\n<p style=\"text-align: left;\"><a href=\"http:\/\/www.sbs.com.br\/\" target=\"_blank\" rel=\"noopener noreferrer\">www.sbs.com.br<\/a><\/p>\n<p>[\/vc_column_text][\/vc_column_inner][vc_column_inner width=&#8221;1\/3&#8243;][vc_single_image image=&#8221;3713&#8243; img_size=&#8221;medium&#8221;][vc_column_text]<strong class=\"titu\">Tudo Bem? Vol. 1 NOVA EDI\u00c7\u00c3O<\/strong><\/p>\n<p><em>Harumi de Ponce, Silvia Burim e Susanna Florissi<\/em><br \/>\n<strong class=\"info-desc\">Hub Editorial<\/strong><\/p>\n<p><strong>Tudo Bem?<\/strong>\u00a0\u00e9 voltado \u00e0s necessidades do p\u00fablico jovem, enfatizando a linguagem<br \/>\ncoloquial, com as necess\u00e1rias refer\u00eancias \u00e0 gram\u00e1tica.<\/p>\n<p>O volume 1, indicado para o n\u00edvel b\u00e1sico, faz uso da dramatiza\u00e7\u00e3o como principal forma de<br \/>\naprendizado.<\/p>\n<p>Dividido em 10 unidades, cada livro apresenta vocabul\u00e1rio, exerc\u00edcios e express\u00f5es coloquiais de<br \/>\nmaneira bastante natural e espont\u00e2nea.<\/p>\n<p>Ricamente ilustrados, os livros provocam a interatividade do Aluno e facilitam o estudo individual.<\/p>\n<p style=\"text-align: left;\"><a href=\"http:\/\/www.sbs.com.br\/\" target=\"_blank\" rel=\"noopener noreferrer\">www.sbs.com.br<\/a><\/p>\n<p>[\/vc_column_text][\/vc_column_inner][vc_column_inner width=&#8221;1\/3&#8243;][vc_single_image image=&#8221;3714&#8243; img_size=&#8221;medium&#8221;][vc_column_text]<strong class=\"titu\">Tudo Bem? Vol. 2 NOVA EDI\u00c7\u00c3O<\/strong><\/p>\n<p><em>Harumi de Ponce, Silvia Burim e Susanna Florissi<\/em><br \/>\n<strong class=\"info-desc\">Hub Editorial<\/strong><\/p>\n<p><strong>Tudo Bem?<\/strong>\u00a0\u00e9 voltado \u00e0s necessidades do p\u00fablico jovem, enfatizando a linguagem<br \/>\ncoloquial, com as necess\u00e1rias refer\u00eancias \u00e0 gram\u00e1tica.<\/p>\n<p>O volume 2, indicado para alunos de n\u00edveis intermedi\u00e1rio e avan\u00e7ado, tamb\u00e9m faz uso da dramatiza\u00e7\u00e3o como<br \/>\nprincipal forma de aprendizado.<\/p>\n<p>Dividido em 10 unidades, cada livro apresenta vocabul\u00e1rio, exerc\u00edcios e express\u00f5es coloquiais de<br \/>\nmaneira bastante natural e espont\u00e2nea.<\/p>\n<p>Ricamente ilustrados, os livros provocam a interatividade do Aluno e facilitam o estudo individual.<\/p>\n<p><a href=\"http:\/\/www.sbs.com.br\/\" target=\"_blank\" rel=\"noopener noreferrer\">www.sbs.com.br<\/a>[\/vc_column_text][\/vc_column_inner][\/vc_row_inner][vc_row_inner equal_height=&#8221;yes&#8221;][vc_column_inner width=&#8221;1\/3&#8243;][vc_single_image image=&#8221;3716&#8243; img_size=&#8221;medium&#8221;][vc_column_text]<strong class=\"titu\">Fale Portugu\u00eas Vol. 1<\/strong><br \/>\n<strong class=\"info-desc\">Portugu\u00eas do Brasil para Estrangeiros<\/strong><\/p>\n<p><em>Harumi de Ponce, Maria Lucia Versa, Silvia Burim e Susanna Florissi<\/em><br \/>\n<strong class=\"info-desc\">Hub Editorial<\/strong><\/p>\n<p>Das mesmas autoras do consagrado \u2018Bem-Vindo!<br \/>\nA L\u00edngua Portuguesa no Mundo da Comunica\u00e7\u00e3o\u2019,<br \/>\neste novo t\u00edtulo, em dois volumes, apresenta conte\u00fado<br \/>\ne t\u00e9cnicas desenvolvidas e testadas com toda a<br \/>\nexperi\u00eancia de 32 anos na elabora\u00e7\u00e3o de materiais<br \/>\npara o ensino de Portugu\u00eas como L\u00edngua Estrangeira,<br \/>\ncomo Segunda L\u00edngua e como L\u00edngua de Heran\u00e7a, e<br \/>\nde capacita\u00e7\u00e3o de Professores na \u00e1rea. O conte\u00fado<br \/>\narmazenado na Nuvem complementa e enriquece<br \/>\nesta nova op\u00e7\u00e3o de materiais para o ensino de PLE,<br \/>\nPSL e PLH.<\/p>\n<p><a href=\"http:\/\/www.sbs.com.br\/\" target=\"_blank\" rel=\"noopener noreferrer\">www.sbs.com.br<\/a>[\/vc_column_text][\/vc_column_inner][vc_column_inner width=&#8221;1\/3&#8243;][vc_single_image image=&#8221;3717&#8243; img_size=&#8221;medium&#8221;][vc_column_text]<strong class=\"titu\">Fale Portugu\u00eas Vol. 2<\/strong><br \/>\n<strong class=\"info-desc\">Portugu\u00eas do Brasil para Estrangeiros<\/strong><\/p>\n<p><em>Harumi de Ponce, Maria Lucia Versa, Silvia Burim e Susanna Florissi<\/em><br \/>\n<strong class=\"info-desc\">Hub Editorial<\/strong><\/p>\n<p>Das mesmas autoras do consagrado \u2018Bem-Vindo!<br \/>\nA L\u00edngua Portuguesa no Mundo da Comunica\u00e7\u00e3o\u2019,<br \/>\neste novo t\u00edtulo, em dois volumes, apresenta conte\u00fado<br \/>\ne t\u00e9cnicas desenvolvidas e testadas com toda a<br \/>\nexperi\u00eancia de 32 anos na elabora\u00e7\u00e3o de materiais<br \/>\npara o ensino de Portugu\u00eas como L\u00edngua Estrangeira,<br \/>\ncomo Segunda L\u00edngua e como L\u00edngua de Heran\u00e7a, e<br \/>\nde capacita\u00e7\u00e3o de Professores na \u00e1rea. O conte\u00fado<br \/>\narmazenado na Nuvem complementa e enriquece<br \/>\nesta nova op\u00e7\u00e3o de materiais para o ensino de PLE,<br \/>\nPSL e PLH.<\/p>\n<p><a href=\"http:\/\/www.sbs.com.br\/\" target=\"_blank\" rel=\"noopener noreferrer\">www.sbs.com.br<\/a>[\/vc_column_text][\/vc_column_inner][vc_column_inner width=&#8221;1\/3&#8243;][vc_single_image image=&#8221;4562&#8243; img_size=&#8221;medium&#8221;][vc_column_text]<strong class=\"titu\">Panorama Brasil<\/strong><br \/>\n<strong class=\"info-desc\">Ensino de Portugu\u00eas do Mundo dos Neg\u00f3cios<\/strong><\/p>\n<p><em>Harumi de Ponce, Silvia Burim, Susanna Florissi e Maria Lucia Carbone Versa<\/em><br \/>\n<strong class=\"info-desc\">Clube de Autores<\/strong><\/p>\n<p>Com uma linguagem dirigida ao mundo dos neg\u00f3cios, a nova edi\u00e7\u00e3o de PANORAMA BRASIL traz tr\u00eas unidades que cobrem as \u00e1reas de Agroneg\u00f3cios, Tecnologia e Arte &amp; Cultura. Ideal para Alunos de n\u00edveis mais avan\u00e7ados, esse material est\u00e1 dispon\u00edvel apenas na modalidade impress\u00e3o sob demanda.<\/p>\n<p><a href=\"https:\/\/www.clubedeautores.com.br\/livro\/panorama-brasil-edicao-especial#.XV_8iZNKii4\" target=\"_blank\" rel=\"noopener noreferrer\">www.clubedeautores.com.br<\/a>[\/vc_column_text][\/vc_column_inner][\/vc_row_inner][vc_row_inner equal_height=&#8221;yes&#8221;][vc_column_inner width=&#8221;1\/3&#8243;][\/vc_column_inner][vc_column_inner width=&#8221;1\/3&#8243;][\/vc_column_inner][vc_column_inner width=&#8221;1\/3&#8243;][\/vc_column_inner][\/vc_row_inner][\/vc_column][\/vc_row]<\/p>\n<!-- AddThis Advanced Settings generic via filter on the_content --><!-- AddThis Share Buttons generic via filter on the_content -->","protected":false},"excerpt":{"rendered":"<p>[vc_row equal_height=&#8221;yes&#8221;][vc_column][vc_row_inner equal_height=&#8221;yes&#8221;][vc_column_inner width=&#8221;1\/3&#8243;][vc_single_image image=&#8221;4561&#8243; img_size=&#8221;medium&#8221;][vc_column_text] Bem-Vindo! A L\u00edngua Portuguesa no Mundo da Comunica\u00e7\u00e3o. Harumi de Ponce, Silvia Burim e Susanna Florissi Hub Editorial Bem-Vindo! Chega a sua d\u00e9cima edi\u00e7\u00e3o, com mais de 210.000 c\u00f3pias comercializadas no mundo todo, agora totalmente revistada e atualizada. www.sbs.com.br [\/vc_column_text][\/vc_column_inner][vc_column_inner width=&#8221;1\/3&#8243;][vc_single_image image=&#8221;3708&#8243; img_size=&#8221;medium&#8221;][vc_column_text] Bem-Vindo! Caderno de Exerc\u00edcios para estudantes [&hellip;]<!-- AddThis Advanced Settings generic via filter on get_the_excerpt --><!-- AddThis Share Buttons generic via filter on get_the_excerpt --><\/p>\n","protected":false},"author":1,"featured_media":0,"parent":0,"menu_order":0,"comment_status":"closed","ping_status":"closed","template":"","meta":[],"yoast_head":"<!-- This site is optimized with the Yoast SEO plugin v15.1.1 - https:\/\/yoast.com\/wordpress\/plugins\/seo\/ -->\n<title>Publica\u00e7\u00f5es - Torre de Babel<\/title>\n<meta name=\"robots\" content=\"index, follow, max-snippet:-1, max-image-preview:large, max-video-preview:-1\" \/>\n<link rel=\"canonical\" href=\"https:\/\/torredebabel.com.br\/site\/publicacoes\/\" \/>\n<meta property=\"og:locale\" content=\"pt_BR\" \/>\n<meta property=\"og:type\" content=\"article\" \/>\n<meta property=\"og:title\" content=\"Publica\u00e7\u00f5es - Torre de Babel\" \/>\n<meta property=\"og:description\" content=\"[vc_row equal_height=&#8221;yes&#8221;][vc_column][vc_row_inner equal_height=&#8221;yes&#8221;][vc_column_inner width=&#8221;1\/3&#8243;][vc_single_image image=&#8221;4561&#8243; img_size=&#8221;medium&#8221;][vc_column_text] Bem-Vindo! A L\u00edngua Portuguesa no Mundo da Comunica\u00e7\u00e3o. Harumi de Ponce, Silvia Burim e Susanna Florissi Hub Editorial Bem-Vindo! Chega a sua d\u00e9cima edi\u00e7\u00e3o, com mais de 210.000 c\u00f3pias comercializadas no mundo todo, agora totalmente revistada e atualizada. www.sbs.com.br [\/vc_column_text][\/vc_column_inner][vc_column_inner width=&#8221;1\/3&#8243;][vc_single_image image=&#8221;3708&#8243; img_size=&#8221;medium&#8221;][vc_column_text] Bem-Vindo! Caderno de Exerc\u00edcios para estudantes [&hellip;]\" \/>\n<meta property=\"og:url\" content=\"https:\/\/torredebabel.com.br\/site\/publicacoes\/\" \/>\n<meta property=\"og:site_name\" content=\"Torre de Babel\" \/>\n<meta property=\"article:publisher\" content=\"https:\/\/www.facebook.com\/TorreDeBabelIdiomas\" \/>\n<meta property=\"article:modified_time\" content=\"2019-08-27T17:16:22+00:00\" \/>\n<meta name=\"twitter:card\" content=\"summary_large_image\" \/>\n<script type=\"application\/ld+json\" class=\"yoast-schema-graph\">{\"@context\":\"https:\/\/schema.org\",\"@graph\":[{\"@type\":\"WebSite\",\"@id\":\"https:\/\/torredebabel.com.br\/site\/#website\",\"url\":\"https:\/\/torredebabel.com.br\/site\/\",\"name\":\"Torre de Babel\",\"description\":\"Idiomas e Culturas\",\"potentialAction\":[{\"@type\":\"SearchAction\",\"target\":\"https:\/\/torredebabel.com.br\/site\/?s={search_term_string}\",\"query-input\":\"required name=search_term_string\"}],\"inLanguage\":\"pt-BR\"},{\"@type\":\"WebPage\",\"@id\":\"https:\/\/torredebabel.com.br\/site\/publicacoes\/#webpage\",\"url\":\"https:\/\/torredebabel.com.br\/site\/publicacoes\/\",\"name\":\"Publica\\u00e7\\u00f5es - Torre de Babel\",\"isPartOf\":{\"@id\":\"https:\/\/torredebabel.com.br\/site\/#website\"},\"datePublished\":\"2019-08-19T14:38:46+00:00\",\"dateModified\":\"2019-08-27T17:16:22+00:00\",\"inLanguage\":\"pt-BR\",\"potentialAction\":[{\"@type\":\"ReadAction\",\"target\":[\"https:\/\/torredebabel.com.br\/site\/publicacoes\/\"]}]}]}<\/script>\n<!-- \/ Yoast SEO plugin. -->","_links":{"self":[{"href":"https:\/\/torredebabel.com.br\/site\/wp-json\/wp\/v2\/pages\/4328"}],"collection":[{"href":"https:\/\/torredebabel.com.br\/site\/wp-json\/wp\/v2\/pages"}],"about":[{"href":"https:\/\/torredebabel.com.br\/site\/wp-json\/wp\/v2\/types\/page"}],"author":[{"embeddable":true,"href":"https:\/\/torredebabel.com.br\/site\/wp-json\/wp\/v2\/users\/1"}],"replies":[{"embeddable":true,"href":"https:\/\/torredebabel.com.br\/site\/wp-json\/wp\/v2\/comments?post=4328"}],"version-history":[{"count":28,"href":"https:\/\/torredebabel.com.br\/site\/wp-json\/wp\/v2\/pages\/4328\/revisions"}],"predecessor-version":[{"id":4685,"href":"https:\/\/torredebabel.com.br\/site\/wp-json\/wp\/v2\/pages\/4328\/revisions\/4685"}],"wp:attachment":[{"href":"https:\/\/torredebabel.com.br\/site\/wp-json\/wp\/v2\/media?parent=4328"}],"curies":[{"name":"wp","href":"https:\/\/api.w.org\/{rel}","templated":true}]}}